{"id":196,"date":"2022-05-17T18:39:43","date_gmt":"2022-05-17T16:39:43","guid":{"rendered":"http:\/\/meuche-couverture.com\/?page_id=196"},"modified":"2022-06-20T22:37:45","modified_gmt":"2022-06-20T20:37:45","slug":"politique-de-confidentialite","status":"publish","type":"page","link":"https:\/\/meuche-couverture.com\/index.php\/politique-de-confidentialite\/","title":{"rendered":"Politique de Confidentialit\u00e9"},"content":{"rendered":"\t\t<div data-elementor-type=\"wp-page\" data-elementor-id=\"196\" class=\"elementor elementor-196\">\n\t\t\t\t\t\t\t\t\t<section class=\"elementor-section elementor-top-section elementor-element elementor-element-6d443d4 elementor-section-boxed elementor-section-height-default elementor-section-height-default\" data-id=\"6d443d4\" data-element_type=\"section\">\n\t\t\t\t\t\t<div class=\"elementor-container elementor-column-gap-default\">\n\t\t\t\t\t<div class=\"elementor-column elementor-col-100 elementor-top-column elementor-element elementor-element-fa4573c\" data-id=\"fa4573c\" data-element_type=\"column\">\n\t\t\t<div class=\"elementor-widget-wrap elementor-element-populated\">\n\t\t\t\t\t\t\t\t<div class=\"elementor-element elementor-element-a5f5ed4 elementor-widget elementor-widget-heading\" data-id=\"a5f5ed4\" data-element_type=\"widget\" data-widget_type=\"heading.default\">\n\t\t\t\t<div class=\"elementor-widget-container\">\n\t\t\t<style>\/*! elementor - v3.8.1 - 13-11-2022 *\/\n.elementor-heading-title{padding:0;margin:0;line-height:1}.elementor-widget-heading .elementor-heading-title[class*=elementor-size-]>a{color:inherit;font-size:inherit;line-height:inherit}.elementor-widget-heading .elementor-heading-title.elementor-size-small{font-size:15px}.elementor-widget-heading .elementor-heading-title.elementor-size-medium{font-size:19px}.elementor-widget-heading .elementor-heading-title.elementor-size-large{font-size:29px}.elementor-widget-heading .elementor-heading-title.elementor-size-xl{font-size:39px}.elementor-widget-heading .elementor-heading-title.elementor-size-xxl{font-size:59px}<\/style><h2 class=\"elementor-heading-title elementor-size-default\">Mentions l\u00e9gales de Meuche Couverture<\/h2>\t\t<\/div>\n\t\t\t\t<\/div>\n\t\t\t\t\t<\/div>\n\t\t<\/div>\n\t\t\t\t\t\t\t<\/div>\n\t\t<\/section>\n\t\t\t\t<section class=\"elementor-section elementor-top-section elementor-element elementor-element-01c75e7 elementor-section-boxed elementor-section-height-default elementor-section-height-default\" data-id=\"01c75e7\" data-element_type=\"section\">\n\t\t\t\t\t\t<div class=\"elementor-container elementor-column-gap-default\">\n\t\t\t\t\t<div class=\"elementor-column elementor-col-100 elementor-top-column elementor-element elementor-element-5511843\" data-id=\"5511843\" data-element_type=\"column\">\n\t\t\t<div class=\"elementor-widget-wrap elementor-element-populated\">\n\t\t\t\t\t\t\t\t<div class=\"elementor-element elementor-element-0887ed7 elementor-widget elementor-widget-text-editor\" data-id=\"0887ed7\" data-element_type=\"widget\" data-widget_type=\"text-editor.default\">\n\t\t\t\t<div class=\"elementor-widget-container\">\n\t\t\t<style>\/*! elementor - v3.8.1 - 13-11-2022 *\/\n.elementor-widget-text-editor.elementor-drop-cap-view-stacked .elementor-drop-cap{background-color:#818a91;color:#fff}.elementor-widget-text-editor.elementor-drop-cap-view-framed .elementor-drop-cap{color:#818a91;border:3px solid;background-color:transparent}.elementor-widget-text-editor:not(.elementor-drop-cap-view-default) .elementor-drop-cap{margin-top:8px}.elementor-widget-text-editor:not(.elementor-drop-cap-view-default) .elementor-drop-cap-letter{width:1em;height:1em}.elementor-widget-text-editor .elementor-drop-cap{float:left;text-align:center;line-height:1;font-size:50px}.elementor-widget-text-editor .elementor-drop-cap-letter{display:inline-block}<\/style>\t\t\t\t<p>Nom ou Raison sociale : Meuche Couverture<\/p><p>Adresse : Z.I Des Eglantiers &#8211; Rue du Bel Air &#8211; 91090 Lisses<\/p><p>T\u00e9l\u00e9phone : 06 62 19 03 09<\/p><p>Dirigeant de l\u2019entreprise individuelle et\u00a0Directeur de r\u00e9daction et de publication : Louis MEUCHE<\/p>\t\t\t\t\t\t<\/div>\n\t\t\t\t<\/div>\n\t\t\t\t\t<\/div>\n\t\t<\/div>\n\t\t\t\t\t\t\t<\/div>\n\t\t<\/section>\n\t\t\t\t<section class=\"elementor-section elementor-top-section elementor-element elementor-element-5a854e7 elementor-section-boxed elementor-section-height-default elementor-section-height-default\" data-id=\"5a854e7\" data-element_type=\"section\">\n\t\t\t\t\t\t<div class=\"elementor-container elementor-column-gap-default\">\n\t\t\t\t\t<div class=\"elementor-column elementor-col-100 elementor-top-column elementor-element elementor-element-732042d\" data-id=\"732042d\" data-element_type=\"column\">\n\t\t\t<div class=\"elementor-widget-wrap elementor-element-populated\">\n\t\t\t\t\t\t\t\t<div class=\"elementor-element elementor-element-3b62a99 elementor-widget elementor-widget-text-editor\" data-id=\"3b62a99\" data-element_type=\"widget\" data-widget_type=\"text-editor.default\">\n\t\t\t\t<div class=\"elementor-widget-container\">\n\t\t\t\t\t\t\t<h2><b>POLITIQUE DE CONFIDENTIALITE<\/b><\/h2><p><strong>Donn\u00e9es personnelles\u00a0: d\u00e9finition<\/strong><\/p><p>Dans le cadre de l\u2019utilisation de notre site internet,\u00a0nous pouvons \u00eatre amen\u00e9s \u00e0 vous demander de nous communiquer des donn\u00e9es \u00e0 caract\u00e8re personnel.<\/p><p>L\u2019expression \u00ab donn\u00e9es \u00e0 caract\u00e8re personnel \u00bb d\u00e9signe l\u2019ensemble des donn\u00e9es qui permettent d\u2019identifier un individu par agr\u00e9gation de plusieurs donn\u00e9es. Il s\u2019agit notamment de vos nom(s), pr\u00e9nom(s), adresse de courrier \u00e9lectronique, num\u00e9ro(s) de t\u00e9l\u00e9phone, donn\u00e9es relatives \u00e0 vos commandes, ainsi qu\u2019\u00e0 tout autre renseignement que nous pourrions vous demander et que vous choisiriez de nous communiquer.<\/p><p><strong>Informations que nous collectons<\/strong><\/p><p>Nous collectons divers types d\u2019informations dans le cadre des Services, notamment :<\/p><ul><li>des informations que vous nous fournissez directement ;<br \/>\u2022\u00a0des informations que nous recueillons relatives \u00e0 votre utilisation de nos Services ;<br \/>\u2022\u00a0des informations que nous obtenons de sources tierces (r\u00e9seaux sociaux).<\/li><\/ul><p>Nous pouvons \u00e9galement vous demander votre consentement pour collecter des informations ou vous avertir s\u00e9par\u00e9ment des modalit\u00e9s de collecte de vos informations personnelles.<\/p><p>Certains Services vous permettent de nous communiquer directement des renseignements. Par exemple :<\/p><p>Si vous nous commandez un produit ou un service payant, pour pouvoir traiter votre commande, nous vous demanderons de renseigner vos nom et pr\u00e9nom, vos informations de contact\u00a0et\/ou vos adresses de livraison et de facturation.<\/p><p>Si vous nous contactez pour discuter d\u2019un produit ou service, poser une question ou faire part d\u2019une r\u00e9clamation, nous collecterons des informations vous concernant et sur le service que vous demandez.<\/p><p>Nous pouvons \u00e9galement recevoir des informations \u00e0 votre sujet par le biais\u00a0de r\u00e9seaux sociaux tiers lorsque vous choisissez de vous connecter \u00e0 ces services.<\/p><p><strong>Commentaires<\/strong><\/p><p>Quand vous laissez un commentaire sur notre site web, les donn\u00e9es inscrites dans le formulaire de commentaire, mais aussi votre adresse IP et l\u2019agent utilisateur de votre navigateur sont collect\u00e9s pour nous aider \u00e0 la d\u00e9tection des commentaires ind\u00e9sirables.<\/p><p>Une cha\u00eene anonymis\u00e9e cr\u00e9\u00e9e \u00e0 partir de votre adresse de messagerie (\u00e9galement appel\u00e9e hash) peut \u00eatre envoy\u00e9e au service Gravatar pour v\u00e9rifier si vous utilisez ce dernier. Les clauses de confidentialit\u00e9 du service Gravatar sont disponibles ici\u00a0: https:\/\/automattic.com\/privacy\/. Apr\u00e8s validation de votre commentaire, votre photo de profil sera visible publiquement \u00e0 cot\u00e9 de votre commentaire.<\/p><p>Les commentaires des visiteurs peuvent \u00eatre v\u00e9rifi\u00e9s \u00e0 l\u2019aide d\u2019un service automatis\u00e9 de d\u00e9tection des commentaires ind\u00e9sirables.<\/p><p>\u00a0<\/p><p><strong>Formulaires de contact<\/strong><\/p><p>Informations que vous fournissez lorsque vous cr\u00e9ez un compte ou effectuez un achat\u00a0:<\/p><ul><li>Votre nom<\/li><li>Vos coordonn\u00e9es (telles que votre adresse e-mail, votre adresse postale et vos num\u00e9ros de t\u00e9l\u00e9phone)<\/li><li>Votre mot de passe<\/li><li>Vos informations de paiement\u00a0ne nous sont pas transmises, mais sont g\u00e9r\u00e9es par les plateformes de paiement.<\/li><\/ul><p>\u00a0<\/p><p><strong>Cookies<\/strong><\/p><p>Les cookies\u00a0sont des\u00a0petits fichiers textes au format alphanum\u00e9rique d\u00e9pos\u00e9s sur le disque dur de l\u2019internaute par le serveur du site visit\u00e9 ou par un serveur tiers. On consid\u00e8re g\u00e9n\u00e9ralement qu\u2019un cookie permet de reconna\u00eetre un visiteur lorsqu\u2019il revient sur un site web.\u00a0 Lorsque vous utilisez un navigateur Web pour acc\u00e9der aux Services, vous pouvez le configurer pour qu\u2019il accepte ou refuse tous les cookies, ou pour qu\u2019il vous avertisse de l\u2019envoi d\u2019un cookie. Notre site vous informe et vous pouvez les accepter ou non.<\/p><p>Si vous d\u00e9posez un commentaire sur notre site, il vous sera propos\u00e9 d\u2019enregistrer votre nom, adresse de messagerie et site web dans des cookies. C\u2019est uniquement pour votre confort afin de ne pas avoir \u00e0 saisir ces informations si vous d\u00e9posez un autre commentaire plus tard. Ces cookies expirent au bout d\u2019un an.<\/p><p>Si vous avez un compte et que vous vous connectez sur ce site, un cookie temporaire sera cr\u00e9\u00e9 afin de d\u00e9terminer si votre navigateur accepte les cookies. Il ne contient pas de donn\u00e9es personnelles et sera supprim\u00e9 automatiquement \u00e0 la fermeture de votre navigateur.<\/p><p>Lorsque vous vous connecterez, nous mettrons en place un certain nombre de cookies pour enregistrer vos informations de connexion et vos pr\u00e9f\u00e9rences d\u2019\u00e9cran. La dur\u00e9e de vie d\u2019un cookie de connexion est de deux jours, celle d\u2019un cookie d\u2019option d\u2019\u00e9cran est d\u2019un an. Si vous cochez \u00ab\u00a0Se souvenir de moi\u00a0\u00bb, votre cookie de connexion sera conserv\u00e9 pendant deux semaines. Si vous vous d\u00e9connectez de votre compte, le cookie de connexion sera effac\u00e9.<\/p><p>En modifiant ou en publiant un article, un cookie suppl\u00e9mentaire sera enregistr\u00e9 dans votre navigateur. Ce cookie ne comprend aucune donn\u00e9e personnelle. Il indique simplement l\u2019identifiant de l\u2019article que vous venez de modifier. Il expire au bout d\u2019un jour.<\/p><p><strong>Contenu embarqu\u00e9 depuis d\u2019autres sites<\/strong><\/p><p>Les articles de ce site peuvent inclure des contenus int\u00e9gr\u00e9s (par exemple des vid\u00e9os, images, articles\u2026). Le contenu int\u00e9gr\u00e9 depuis d\u2019autres sites se comporte de la m\u00eame mani\u00e8re que si le visiteur se rendait sur cet autre site.<\/p><p>Ces sites web pourraient collecter des donn\u00e9es sur vous, utiliser des cookies, embarquer des outils de suivis tiers, suivre vos interactions avec ces contenus embarqu\u00e9s si vous disposez d\u2019un compte connect\u00e9 sur leur site web.<\/p><p><strong>Statistiques et mesures d\u2019audience<\/strong><\/p><p>Informations collect\u00e9es automatiquement\u00a0:<\/p><ul><li>Votre adresse IP<\/li><li>L\u2019appareil et le navigateur web que vous utilisez<\/li><li>Les donn\u00e9es transmises par les applications que vous \u00eates susceptible de t\u00e9l\u00e9charger via notre site web<\/li><li>La date et l\u2019heure de votre visite sur notre site web, ainsi que la mani\u00e8re dont vous utilisez ce dernier et acc\u00e9dez \u00e0 son contenu<\/li><li>L\u2019historique de vos achats et paiements (le cas \u00e9ch\u00e9ant)<\/li><\/ul><p>Si vous \u00eates enregistr\u00e9 en tant que client, nous associons ces donn\u00e9es collect\u00e9es automatiquement aux autres.<\/p><p>\u00a0<\/p><p><strong>Plugins de r\u00e9seaux sociaux<\/strong><\/p><p>Nos Services utilisent des plugins de r\u00e9seaux sociaux. Lorsque vous utilisez un Service comportant des Plugins, des informations de votre appareil peuvent \u00eatre directement transf\u00e9r\u00e9es \u00e0 l\u2019op\u00e9rateur du r\u00e9seau social concern\u00e9. Nous n\u2019avons aucune influence sur les donn\u00e9es recueillies par le Plugin. Si vous \u00eates connect\u00e9 \u00e0 un r\u00e9seau social, votre utilisation de notre Service peut \u00eatre mentionn\u00e9e sur votre compte de r\u00e9seau. Si vous interagissez avec les Plugins, par exemple en cliquant sur \u201cJ\u2019aime\u201d, \u201cSuivre\u201d ou \u201cPartager\u201d ou en saisissant un commentaire, il est possible que ces informations s\u2019affichent automatiquement sur votre profil de r\u00e9seau social.<\/p><p>\u00a0<\/p><p><strong>Utilisation de vos donn\u00e9es personnelles<\/strong><\/p><p>Nous utilisons les informations que nous collectons \u00e0 votre sujet aux fins suivantes\u00a0:<\/p><ul><li>Honorer votre commande et offrir le service client associ\u00e9 ;<\/li><li>Maintenir, am\u00e9liorer et administrer notre site web ;<\/li><li>Vous informer des produits et services susceptibles de vous int\u00e9resser ;<\/li><li>Proposer des offres cobrand\u00e9es avec nos partenaires ;<\/li><li>Am\u00e9liorer ou personnaliser votre exp\u00e9rience en ligne, nos services et la fa\u00e7on dont nous communiquons avec vous ;<\/li><li>Identifier et \u00e9viter les utilisations frauduleuses ;<\/li><li>Am\u00e9liorer la s\u00e9curit\u00e9 de notre r\u00e9seau et de nos syst\u00e8mes d\u2019information ;<\/li><li>Mieux comprendre la fa\u00e7on dont nos visiteurs utilisent notre site web, et d\u00e9terminer l\u2019efficacit\u00e9 de nos publicit\u00e9s et campagnes publicitaires.<\/li><\/ul><p>\u00a0<\/p><p><strong>Transmission\u00a0de vos donn\u00e9es personnelles<\/strong><\/p><p>Nous ne transmettons pas ces donn\u00e9es \u00e0 un quelconque organisme ou tierce personne.<\/p><p><strong>Dur\u00e9es de stockage de vos donn\u00e9es<\/strong><\/p><p>Nous ne conservons vos informations personnelles que le temps n\u00e9cessaire \u00e0 la r\u00e9alisation des fins pour lesquelles elles ont \u00e9t\u00e9 fournies ou parce que nous avons l\u2019obligation l\u00e9gale de le faire.<\/p><p>Si vous laissez un commentaire, le commentaire et ses m\u00e9tadonn\u00e9es sont conserv\u00e9s ind\u00e9finiment. Cela permet de reconna\u00eetre et approuver automatiquement les commentaires suivants au lieu de les laisser dans la file de mod\u00e9ration.<\/p><p>Pour les utilisateurs et utilisatrices qui s\u2019enregistrent sur notre site (si cela est possible), nous stockons \u00e9galement les donn\u00e9es personnelles indiqu\u00e9es dans leur profil. Tous les utilisateurs et utilisatrices peuvent voir, modifier ou supprimer leurs informations personnelles \u00e0 tout moment (\u00e0 l\u2019exception de leur nom d\u2019utilisateur\u00b7ice). Les gestionnaires du site peuvent aussi voir et modifier ces informations.<\/p><p>Concernant d\u2019\u00e9ventuelles op\u00e9rations de prospection et conform\u00e9ment \u00e0 la l\u00e9gislation en vigueur, vos donn\u00e9es pourront \u00eatre conserv\u00e9es pendant un d\u00e9lai de trois (3) ans \u00e0 compter de la fin de la relation commerciale.<\/p><p>Au terme de ce d\u00e9lai de trois (3) ans, nous pourrons reprendre contact avec vous uniquement pour savoir si vous souhaitez continuer \u00e0 recevoir des sollicitations commerciales.<\/p><p>Les donn\u00e9es \u00e0 caract\u00e8re personnel relatives \u00e0 un prospect, non client, pourront \u00eatre conserv\u00e9es pendant un d\u00e9lai de trois (3) ans \u00e0 compter de leur collecte ou du dernier contact \u00e9manant du prospect.<\/p><p>En ce qui concerne la gestion des listes d\u2019opposition de prospection commerciale, les informations permettant de prendre en compte votre droit d\u2019opposition sont conserv\u00e9es au minimum trois (3) ans \u00e0 compter de l\u2019exercice du droit d\u2019opposition.<\/p><p>En ce qui concerne les statistiques de mesure d\u2019audience, les informations stock\u00e9es dans le terminal des utilisateurs ou tout autre \u00e9l\u00e9ment utilis\u00e9 pour identifier les utilisateurs et permettant leur tra\u00e7abilit\u00e9 ou fr\u00e9quentation ne seront pas conserv\u00e9es au-del\u00e0 de treize (13) mois.<\/p><p><strong>Les droits que vous avez sur vos donn\u00e9es<\/strong><\/p><p>Si vous avez un compte ou si vous avez laiss\u00e9 des commentaires sur le site, vous pouvez demander \u00e0 recevoir un fichier contenant toutes les donn\u00e9es personnelles que nous poss\u00e9dons \u00e0 votre sujet, incluant celles que vous nous avez fournies. Vous pouvez \u00e9galement demander la suppression des donn\u00e9es personnelles vous concernant. Cela ne prend pas en compte les donn\u00e9es stock\u00e9es \u00e0 des fins administratives, l\u00e9gales ou pour des raisons de s\u00e9curit\u00e9.<\/p><p><strong>Comment nous prot\u00e9geons vos donn\u00e9es<\/strong><\/p><p>Nous limitons l\u2019acc\u00e8s \u00e0 vos informations aux seuls personnes de l\u2019entreprise qui ont besoin de les utiliser.\u00a0Nous disposons de protections physiques et \u00e9lectroniques, et de proc\u00e9dures con\u00e7ues pour nous aider \u00e0 pr\u00e9server la confidentialit\u00e9 de vos informations personnelles. Par exemple, nous utilisons la technologie de chiffrement SSL (Secure Socket Layer) pour chiffrer les informations de votre carte de paiement lorsque vous achetez des produits sur notre site web.<\/p><p><strong>Vos droits en mati\u00e8re d\u2019acc\u00e8s \u00e0 vos informations personnelles et de contr\u00f4le de leur utilisation\u00a0<\/strong><\/p><p>Vous avez le droit<\/p><ul><li>d\u2019acc\u00e9der \u00e0 vos informations personnelles\u00a0;<\/li><li>de vous d\u00e9sabonner de nos op\u00e9rations marketing ou de retirer tout consentement que vous nous aviez donn\u00e9\u00a0;<\/li><li>de demander un exemplaire des informations personnelles trait\u00e9es par nos soins\u00a0;<\/li><li>d\u2019exiger la correction de vos informations personnelles\u00a0;<\/li><li>d\u2019exiger la suppression de vos informations personnelles (ou leur modification de telle mani\u00e8re que vous ne soyez plus identifiable) ou de limiter les fa\u00e7ons dont nous pouvons utiliser vos informations personnelles (mais, dans les deux cas, uniquement dans des circonstances sp\u00e9cifiques pr\u00e9vues par la loi)\u00a0;<\/li><li>de d\u00e9poser une plainte aupr\u00e8s de l\u2019autorit\u00e9 charg\u00e9e de la protection des donn\u00e9es dans votre pays.<\/li><\/ul><p>Pour exercer l\u2019un des droits list\u00e9s ci-dessus, vous pouvez contacter notre service client. Pour ce faire, vous pouvez acc\u00e9der \u00e0 la page \u00ab\u00a0Nous contacter\u00a0\u00bb de ce site web, nous envoyer un mail ou nous t\u00e9l\u00e9phoner.<\/p><p>Enfin, vous pouvez \u00e9galement faire votre demande en \u00e9crivant \u00e0 notre adresse.\u00a0 Veuillez indiquer vos nom, adresse e-mail, adresse postale et num\u00e9ro de t\u00e9l\u00e9phone, ainsi que votre demande pr\u00e9cise. M\u00eame si vous choisissez de faire partie des listes refus d\u2019e-mail, refus d\u2019appels et\/ou refus de courrier, nous pouvons \u00e9ventuellement vous faire parvenir des messages par l\u2019un de ces biais concernant vos commandes, votre compte ou d\u2019autres fins administratives.<\/p>\t\t\t\t\t\t<\/div>\n\t\t\t\t<\/div>\n\t\t\t\t\t<\/div>\n\t\t<\/div>\n\t\t\t\t\t\t\t<\/div>\n\t\t<\/section>\n\t\t\t\t\t\t\t<\/div>\n\t\t","protected":false},"excerpt":{"rendered":"<p>Mentions l\u00e9gales de Meuche Couverture Nom ou Raison sociale : Meuche Couverture Adresse : Z.I Des Eglantiers &#8211; Rue du Bel Air &#8211; 91090 Lisses T\u00e9l\u00e9phone : 06 62 19 03 09 Dirigeant de l\u2019entreprise individuelle et\u00a0Directeur de r\u00e9daction et de publication : Louis MEUCHE POLITIQUE DE CONFIDENTIALITE Donn\u00e9es personnelles\u00a0: d\u00e9finition Dans le cadre de [&hellip;]<\/p>\n","protected":false},"author":1,"featured_media":0,"parent":0,"menu_order":0,"comment_status":"closed","ping_status":"closed","template":"","meta":{"footnotes":""},"class_list":["post-196","page","type-page","status-publish","hentry"],"_links":{"self":[{"href":"https:\/\/meuche-couverture.com\/index.php\/wp-json\/wp\/v2\/pages\/196","targetHints":{"allow":["GET"]}}],"collection":[{"href":"https:\/\/meuche-couverture.com\/index.php\/wp-json\/wp\/v2\/pages"}],"about":[{"href":"https:\/\/meuche-couverture.com\/index.php\/wp-json\/wp\/v2\/types\/page"}],"author":[{"embeddable":true,"href":"https:\/\/meuche-couverture.com\/index.php\/wp-json\/wp\/v2\/users\/1"}],"replies":[{"embeddable":true,"href":"https:\/\/meuche-couverture.com\/index.php\/wp-json\/wp\/v2\/comments?post=196"}],"version-history":[{"count":19,"href":"https:\/\/meuche-couverture.com\/index.php\/wp-json\/wp\/v2\/pages\/196\/revisions"}],"predecessor-version":[{"id":427,"href":"https:\/\/meuche-couverture.com\/index.php\/wp-json\/wp\/v2\/pages\/196\/revisions\/427"}],"wp:attachment":[{"href":"https:\/\/meuche-couverture.com\/index.php\/wp-json\/wp\/v2\/media?parent=196"}],"curies":[{"name":"wp","href":"https:\/\/api.w.org\/{rel}","templated":true}]}}